n base 5, what is -4 + 120044121?
120044112
In base 15, what is 4da832d - 3?
4da832a
In base 9, what is 15414336 + 4?
15414341
In base 7, what is 22226 + 625242?
650501
In base 10, what is 57329 - 2131?
55198
In base 10, what is 18621 - -9?
18630
In base 15, what is 62d0bb - -3?
62d0be
In base 4, what is 122321330033 - -1001?
122321331100
In base 5, what is -12201013 + 124?
-12200334
In base 6, what is -25202 + 432204?
403002
In base 12, what is 11bbaa9b + -2?
11bbaa99
In base 11, what is -1597989 - 5?
-1597993
In base 9, what is 16371351 - 10?
16371341
In base 12, what is -19 + -1a21a13?
-1a21a30
In base 10, what is -3206 + 246607?
243401
In base 13, what is 27cb0 + 5?
27cb5
In base 13, what is -9a8b31 + 47?
-9a8ab7
In base 5, what is -102220234240 - -2?
-102220234233
In base 4, what is 102213301 + -223?
102213012
In base 12, what is 379ba8 + -5?
379ba3
In base 3, what is -120121110020101 - 21?
-120121110020122
In base 8, what is -1 - 6464172?
-6464173
In base 8, what is -41164 + -1061?
-42245
In base 2, what is 101 - 110000001010010111010010?
-110000001010010111001101
In base 12, what is -13ab2b5 - 12?
-13ab307
In base 2, what is -11111011110000011011 + -1011000?
-11111011110001110011
In base 2, what is -10011010101 - -111010011101000111?
111010001001110010
In base 12, what is 3186 + -38?
314a
In base 7, what is -116303425 - 0?
-116303425
In base 6, what is 2300 - 131152?
-124452
In base 12, what is -324 + 165b7?
16293
In base 13, what is 0 - 765405?
-765405
In base 14, what is d + 14c99bb?
14c99ca
In base 16, what is 13b8 - ac?
130c
In base 4, what is -13302022 - 3022310?
-22330332
In base 12, what is -98 - 62744?
-62820
In base 6, what is -405540124 - 13?
-405540141
In base 8, what is -105 + -30146613?
-30146720
In base 11, what is 121 - 312716?
-3125a5
In base 9, what is 355 + 28500?
28855
In base 10, what is -3 + -4707466?
-4707469
In base 16, what is -f05e1 - 13?
-f05f4
In base 13, what is 1109 - 128a?
-181
In base 13, what is 1 - 109c20?
-109c1c
In base 7, what is -2532344 + 10?
-2532334
In base 10, what is 4076 + -6071?
-1995
In base 15, what is -658aa26 - 0?
-658aa26
In base 6, what is 10053 - 2515054?
-2505001
In base 14, what is 79bd4525 + -4?
79bd4521
In base 8, what is -41716 + 203?
-41513
In base 5, what is 1 - 32223434?
-32223433
In base 7, what is -416 + -5015132?
-5015551
In base 7, what is 4162 + 1155436?
1162631
In base 2, what is 10 - 1001011011101010100010101?
-1001011011101010100010011
In base 15, what is 22e + 18d92?
190c1
In base 6, what is -22153245 - 133?
-22153422
In base 13, what is 12a15 + -509?
12509
In base 9, what is -326883278 - 0?
-326883278
In base 11, what is 83a1 - -a1?
8492
In base 12, what is 4 - 2315a6?
-2315a2
In base 9, what is -10466585 + -31?
-10466626
In base 12, what is 5732122 + 0?
5732122
In base 4, what is -1323 + -3032333?
-3100322
In base 5, what is 1020031332101 - -1?
1020031332102
In base 11, what is 78207a - -2?
782081
In base 13, what is 3595a2 - 12?
359590
In base 6, what is 21 + -4113304?
-4113243
In base 4, what is -3133013310102 + -3?
-3133013310111
In base 4, what is -20002103202 + 210?
-20002102332
In base 15, what is -2079 - -114?
-1e65
In base 3, what is 210 + 111121012100002?
111121012100212
In base 13, what is 43499b - -87?
434a55
In base 13, what is -34 - 525840?
-525874
In base 15, what is bdecc - -b?
bded8
In base 4, what is -131122133 + -102?
-131122301
In base 16, what is 1 - -a249c0?
a249c1
In base 3, what is -112021221202 + 2?
-112021221200
In base 8, what is -2514027130 + 2?
-2514027126
In base 13, what is -5c32b87 + 7?
-5c32b80
In base 7, what is -1424 - 15014?
-16441
In base 2, what is 1100010000100001011001010 + -10?
1100010000100001011001000
In base 9, what is 165 + 214848?
215124
In base 4, what is -1232230013 + 103223?
-1232120130
In base 9, what is 58688 + 10422?
70221
In base 3, what is -1101122202 - -22220?
-1101022212
In base 9, what is 703015 + -125?
702780
In base 7, what is -2301 + -5441?
-11042
In base 14, what is bd + 2311b?
231da
In base 11, what is -261 - 1759318?
-1759579
In base 12, what is -3 + -3b424415?
-3b424418
In base 7, what is 25330 - 130233?
-101603
In base 15, what is 88 - -cd233?
cd2bb
In base 12, what is 2449 - -496?
2923
In base 6, what is -13 - -520341153?
520341140
In base 7, what is -16 + -1112610606?
-1112610625
In base 11, what is 238a3471 - 1?
238a3470
In base 7, what is 1156 - -221560?
223046
In base 2, what is -100011101 + 10101000001111?
10100011110010
In base 3, what is 1 - -12212021200221?
12212021200222
In base 16, what is -449e - 263?
-4701
In base 3, what is 11201202120011221 - -2?
11201202120012000
In base 10, what is 342776964 - 5?
342776959
In base 6, what is -10252202 + 1?
-10252201
In base 9, what is -108255250 - -4?
-108255245
In base 6, what is 13 - 425445315?
-425445302
In base 3, what is 12101002001012 - 2?
12101002001010
In base 7, what is -15425010 - -6?
-15425001
In base 2, what is -101000001011101101110 + 0?
-101000001011101101110
In base 2, what is -10000001000101110001100 - 100001?
-10000001000101110101101
In base 3, what is -2200210102 - 11?
-2200210120
In base 14, what is 3 - 224a1b6?
-224a1b3
In base 2, what is -10010101001100110111100 - 101?
-10010101001100111000001
In base 5, what is -1231 - -321322?
320041
In base 7, what is 3 + 32331020?
32331023
In base 14, what is -3 + -c24d02?
-c24d05
In base 13, what is 230b15ba - 0?
230b15ba
In base 14, what is -a21ab5 + 4?
-a21ab1
In base 10, what is 13 - 24936803?
-24936790
In base 8, what is -25751614 - -7?
-25751605
In base 10, what is -3 - -45480958?
45480955
In base 12, what is 22bb462 - 5?
22bb459
In base 13, what is -cb979b57 + -2?
-cb979b59
In base 14, what is -1cd3198 + -1?
-1cd3199
In base 5, what is -12234220 - 2420?
-12242140
In base 8, what is -12431 + 12347?
-62
In base 7, what is 1112 + 45340?
46452
In base 9, what is 1161276 + -48?
1161227
In base 8, what is -67703 + 20723?
-46760
In base 11, what is 2 + -32365822?
-32365820
In base 14, what is -5b856d + -c?
-5b857b
In base 3, what is -211201201 + 102220?
-211021211
In base 4, what is 11301 + -1003222233?
-1003210332
In base 5, what is -3 + 1101243311?
1101243303
In base 14, what is b - 7c199?
-7c18c
In base 13, what is 34a - -c5ac?
c929
In base 14, what is d9212 + -91?
d9161
In base 8, what is 157774 - 126?
157646
In base 15, what is 6978 + 7c34?
e6ac
In base 4, what is 10 + -111012222221?
-111012222211
In base 14, what is 204ca8 - -3d?
204d07
In base 9, what is -3 + -153738135?
-153738138
In base 2, what is 1000111001110101001101000 - 110?
1000111001110101001100010
In base 6, what is 11440121251 - 4?
11440121243
In base 8, what is 0 - 43676270?
-43676270
In base 13, what is 68 - 29624?
-29589
In base 8, what is 12712632 - -3?
12712635
In base 3, what is -2011021221122 - -2?
-2011021221120
In base 14, what is -36bb3 + -94d?
-37722
In base 5, what is 124200124304 + -4?
124200124300
In base 16, what is 187429 + -4?
187425
In base 16, what is -3ea - -3436c?
33f82
In base 13, what is 11 + -13743272?
-13743261
In base 14, what is -4b351 + 3aa?
-4ad85
In base 4, what is -1013201103221 - 21?
-1013201103302
In base 11, what is -19882 + -9?
-19890
In base 6, what is -34421323 - 12?
-34421335
In base 13, what is 240 + ac712?
ac952
In base 15, what is 1 - 6c8b1e?
-6c8b1d
In base 11, what is 19071 - 59?
19013
In base 6, what is -44532255252 + 2?
-44532255250
In base 10, what is -1465977 + -27?
-1466004
In base 5, what is -12103013 - 24?
-12103042
In base 11, what is -558855 - 20?
-558875
In base 8, what is -47230 - 267?
-47517
In base 5, what is 140443123 - -10?
140443133
In base 2, what is 101010111111101111 + -111111010100?
101010000000011011
In base 2, what is -1010110111000000001111 + 100001?
-1010110110111111101110
In base 4, what is 2001330031 + -100?
2001323331
In base 9, what is 16466 + -6135?
10331
In base 10, what is -4318 + 36152?
31834
In base 12, what is 40a872 - -24?
40a896
In base 8, what is 47204157 + 26?
47204205
In base 15, what is -d0e3dd6d - 0?
-d0e3dd6d
In base 5, what is -2421122134 - 0?
-2421122134
In base 15, what is 15b + a25d8?
a2744
In base 2, what is 1001001101111 - -111101001010001101?
111110010011111100
In base 3, what is -1122120100111 - -21?
-1122120100020
In base 4, what i